{"id":126,"date":"2022-04-19T20:49:55","date_gmt":"2022-04-19T18:49:55","guid":{"rendered":"http:\/\/localhost\/wordpress\/?page_id=126"},"modified":"2022-08-17T12:15:43","modified_gmt":"2022-08-17T10:15:43","slug":"unsere-services","status":"publish","type":"page","link":"https:\/\/www.gartenbauverein-rott.de\/wordpress\/unser-verein\/unsere-services\/","title":{"rendered":"Unsere Services"},"content":{"rendered":"\n<div class=\"wp-block-group alignwide is-layout-flow wp-block-group-is-layout-flow\">\n<h5 class=\"wp-block-heading\">Mosterei<\/h5>\n\n\n\n<p>Weitere Informationen gibt es <a href=\"https:\/\/www.gartenbauverein-rott.de\/wordpress\/obstpressen\/\" data-type=\"page\" data-id=\"8\">hier<\/a><br><\/p>\n\n\n\n<h5 class=\"wp-block-heading\">Ger\u00e4teverleih<\/h5>\n\n\n\n<p>Folgende Ger\u00e4te k\u00f6nnen ausgeliehen werden:<\/p>\n\n\n\n<ul class=\"wp-block-list\"><li>elektische Heckenschere<\/li><li>Rasenwalze<\/li><li>Astschere<\/li><li>Obstbaumleiter<\/li><li>Erdd\u00e4mpfer<\/li><li>Pfahlramme<\/li><li>D\u00f6rrobstapparat<\/li><\/ul>\n\n\n\n<p>bei Monika Stindl Tel.: 08869\/1369<\/p>\n\n\n\n<h5 class=\"wp-block-heading\">Fachvortr\u00e4ge und Kurse<\/h5>\n\n\n\n<p>Wir bieten Fachvortr\u00e4ge und Kurse, wie z.B. Schnittkurse (obstb\u00e4ume und Str\u00e4ucher),<br>Veredelungskurse, Steck- und Bastelkurse an.<\/p>\n\n\n\n<h5 class=\"wp-block-heading\">Pflanzentauschaktionen<\/h5>\n\n\n\n<p>Im Fr\u00fchjahr finden Pflanzentauschaktionenstatt<br>Getauscht werden Gem\u00fcse, und Sommerpflanzen, Stauden, Str\u00e4ucher, Bodendecker und B\u00e4ume.<\/p>\n\n\n\n<h5 class=\"wp-block-heading\">Ausfl\u00fcge und Wanderungen<\/h5>\n\n\n\n<p>Angeboten werden vor allem Tagesausfl\u00fcge, die f\u00fcr jede Altersgruppe geeignet sind.<\/p>\n\n\n\n<h5 class=\"wp-block-heading\">Aktionen f\u00fcr Kinder<\/h5>\n\n\n\n<p>Bastellkurse (z. B. f\u00fcr Muttertag und Weihnachten)<\/p>\n\n\n\n<h5 class=\"wp-block-heading\">Feste und Feiern<\/h5>\n\n\n\n<p>Wir beteiligen uns an \u00f6rtlichen Veranstaltungen.<\/p>\n<\/div>\n\n\n\n<div class=\"wp-block-group is-layout-flow wp-block-group-is-layout-flow\"><\/div>\n","protected":false},"excerpt":{"rendered":"<p>Mosterei Weitere Informationen gibt es hier Ger\u00e4teverleih Folgende Ger\u00e4te k\u00f6nnen ausgeliehen werden: elektische Heckenschere Rasenwalze Astschere Obstbaumleiter Erdd\u00e4mpfer Pfahlramme D\u00f6rrobstapparat bei Monika Stindl Tel.: 08869\/1369 Fachvortr\u00e4ge und Kurse Wir bieten Fachvortr\u00e4ge und Kurse, wie z.B. Schnittkurse (obstb\u00e4ume und Str\u00e4ucher),Veredelungskurse, Steck- und Bastelkurse an. Pflanzentauschaktionen Im Fr\u00fchjahr finden PflanzentauschaktionenstattGetauscht werden Gem\u00fcse, und Sommerpflanzen, Stauden, Str\u00e4ucher, Bodendecker [&hellip;]<\/p>\n","protected":false},"author":1,"featured_media":0,"parent":112,"menu_order":2,"comment_status":"closed","ping_status":"closed","template":"","meta":{"footnotes":""},"class_list":["post-126","page","type-page","status-publish","hentry"],"_links":{"self":[{"href":"https:\/\/www.gartenbauverein-rott.de\/wordpress\/wp-json\/wp\/v2\/pages\/126","targetHints":{"allow":["GET"]}}],"collection":[{"href":"https:\/\/www.gartenbauverein-rott.de\/wordpress\/wp-json\/wp\/v2\/pages"}],"about":[{"href":"https:\/\/www.gartenbauverein-rott.de\/wordpress\/wp-json\/wp\/v2\/types\/page"}],"author":[{"embeddable":true,"href":"https:\/\/www.gartenbauverein-rott.de\/wordpress\/wp-json\/wp\/v2\/users\/1"}],"replies":[{"embeddable":true,"href":"https:\/\/www.gartenbauverein-rott.de\/wordpress\/wp-json\/wp\/v2\/comments?post=126"}],"version-history":[{"count":2,"href":"https:\/\/www.gartenbauverein-rott.de\/wordpress\/wp-json\/wp\/v2\/pages\/126\/revisions"}],"predecessor-version":[{"id":219,"href":"https:\/\/www.gartenbauverein-rott.de\/wordpress\/wp-json\/wp\/v2\/pages\/126\/revisions\/219"}],"up":[{"embeddable":true,"href":"https:\/\/www.gartenbauverein-rott.de\/wordpress\/wp-json\/wp\/v2\/pages\/112"}],"wp:attachment":[{"href":"https:\/\/www.gartenbauverein-rott.de\/wordpress\/wp-json\/wp\/v2\/media?parent=126"}],"curies":[{"name":"wp","href":"https:\/\/api.w.org\/{rel}","templated":true}]}}